s divided by 80?
76
Suppose 6 = 2*o - 4*z - 26, -3*o + 43 = -z. Let n = -3 + o. Suppose 0 = n*l - 7*l - 632. Calculate the remainder when l is divided by 54.
50
Let l(j) = -3*j**2 - 10*j. Let r be l(-7). Suppose 97 = -5*n - 163. Let i = n - r. Calculate the remainder when i is divided by 11.
3
Suppose -235 = -29*j + 24*j. Let f = j - 36. Calculate the remainder when -2 - -3 - -20 - (4 + -4) is divided by f.
10
Let q = -15647 + 15817. What is the remainder when q is divided by 61?
48
Suppose 16 = 996*s - 998*s, -192 = -4*k + 3*s. Calculate the remainder when 1087 is divided by k.
37
Let h(g) = -g**3 - 12*g**2 + 16*g - 9. Let z be h(-13). Calculate the remainder when 976/6 + 2/(-3) is divided by 8/z*1 - 494/(-12).
39
Suppose 0 = 3*a - 0*a + 5*y - 70, 4*y = 20. Calculate the remainder when 464/14 - (11 + 5/(-140)*332) is divided by a.
4
Let o = -27804 - -28073. What is the remainder when 958 is divided by o?
151
Calculate the remainder when (-1)/((-2)/290*1) is divided by -4 - (-1)/(-6 + 1180/196).
10
Calculate the remainder when 3689/(-51)*-6 - (4 - 0) is divided by 18.
16
Let y(n) = 43*n + 9. Suppose -24*f = -23*f - 6. Calculate the remainder when y(f) is divided by 15.
12
Let o(s) = -s**2 + 3*s + 15. Let p(k) = -k**3 + 2*k**2 - 2*k - k**3 + 5 + 4*k**3 - 4. What is the remainder when o(5) is divided by p(1)?
2
Suppose -3*x - 441 = -3*r, -4*r = 3*x - 4*x - 582. What is the remainder when 599 is divided by r?
19
Let k = -2204 + 3038. Calculate the remainder when k is divided by 19.
17
Calculate the remainder when 234 is divided by (-6)/24*(8 - 2)*2688/(-36).
10
Let m = -531 + 771. Let v = m - 224. Calculate the remainder when 510 is divided by v.
14
Let p(b) = -2*b**2 - 27*b + 17. What is the remainder when 1164 is divided by p(-12)?
51
Let m(a) = -14*a - 1. Let k = -2 + 6. Suppose -34 = -k*u + 62. Calculate the remainder when u is divided by m(-1).
11
Suppose -256*h + 260*h = 2*a + 1126, -h = -3*a - 289. Calculate the remainder when h is divided by 260.
20
Let b(f) = -f**3 - 57*f**2 + 105*f - 741. Calculate the remainder when 1506 is divided by b(-59).
24
Suppose q - 10 = 6*q + m, 5*q = 3*m + 10. Suppose -24526*f + 24573*f - 2679 = 0. What is the remainder when f is divided by -1 - -30 - (0 + q)?
27
Suppose 31 = -t + 35. Let c be 4/t - 5/((-10)/(-32)). Calculate the remainder when 77 is divided by (-10)/c + 111/9.
12
Suppose -369 = -20*u + 551. Calculate the remainder when u is divided by 31/(651/552) + (-4)/14.
20
Calculate the remainder when 10294 is divided by ((975/585)/(10/6))/(3/117).
37
Let u(i) = -118*i**3 - 28*i + 117*i**3 + 2*i - 11*i**2 + 5. What is the remainder when u(-8) is divided by 5?
1
Let f = -314 + 193. Let i = f + 135. Calculate the remainder when 68 is divided by i.
12
Let w(x) = -3*x**3 + 17*x**2 - 19*x + 5. Let q(l) = l**3 - l**2 - 7*l + 1. Let u be q(3). What is the remainder when u/(-7) + 480/35 is divided by w(4)?
5
Let n(k) = k**3 + k**2 - k + 1. Let u be n(0). Let l = u - -26. Suppose -29*t + 129 = 24*t - 666. What is the remainder when l is divided by t?
12
Calculate the remainder when 80/(-352)*-11 + 403/2 is divided by 12.
0
Suppose -52 = -z + 17*x + 107, 3*x - 179 = -z. Calculate the remainder when 529 is divided by z.
1
Let d = -76 + 105. Suppose -7*f + 41 = -d. Suppose -690 = -f*x + 260. What is the remainder when x is divided by 24?
23
What is the remainder when 195/(-78)*(-12)/(-15)*-11 is divided by (14/4)/(1/2)?
1
Let t = -2383 + 3873. Calculate the remainder when t is divided by 249.
245
Calculate the remainder when (106830/8)/(-5)*284/(-213) is divided by 36.
33
Suppose 0 = -4*b + 4, 4*a + a - 2*b - 23 = 0. Let s(q) = q**2 + 9*q + 9. Calculate the remainder when s(a) is divided by 20.
19
Suppose 0 = -5*x + 2*v - 171, -v - v = 4*x + 126. Calculate the remainder when 22/x*186/(-4) is divided by 14.
3
Let x(v) = v**3 + 296*v**2 + 2013*v - 10. Suppose 0 = -3*k - 5*y + 86, 0*k - 106 = -5*k + y. Calculate the remainder when x(-7) is divided by k.
16
Suppose -191*v + 661*v - 26423 = 1777. What is the remainder when 299 is divided by v?
59
Let z = 136 + -130. Let u = 37 - 31. Suppose -3*d - 4*y = -43, 0 = 4*d + 2*y - u*y - 20. Calculate the remainder when d is divided by z.
3
What is the remainder when 221 - 30/(-45)*(1 + 11) is divided by 109?
11
Let b(m) be the third derivative of m**6/120 - 7*m**5/30 + 5*m**4/8 - 119*m**3/6 + 30*m**2. Calculate the remainder when b(14) is divided by 18 - (1 - (2 + 0)).
15
Let f(i) = -i**3 + 34*i**2 + 19*i + 603. Calculate the remainder when 2833 is divided by f(35).
38
Calculate the remainder when (6 - -2) + 15/(-12)*4 - -74 is divided by 63.
14
Calculate the remainder when 1785 is divided by 39672/88 + (-2)/(-11) - (-7 + 12).
1
Let w be (54 - 53)/(0 + (-1)/(-8)). Let z(b) = b**3 - 6*b**2 - 10*b + 22. Calculate the remainder when z(w) is divided by 4*2*(-12)/(-16).
4
Let o(t) = -3*t**2 - 23*t - 13. Let a be o(-6). Suppose -3*r - a - 199 = 0. What is the remainder when 7/(-2)*594/(r/8) is divided by 26?
23
Let o(f) = -f**3 - 64*f**2 - 307*f + 178. Calculate the remainder when o(-59) is divided by 177.
1
Let z(v) = 20*v + v**2 + 0*v**2 + 4 - 10 - 29. Calculate the remainder when 61 is divided by z(-23).
27
Suppose -u - 20 = -26. Let t(k) = -289*k + 14. Let l be t(u). What is the remainder when 4/18 + l/(-36) is divided by 25?
23
Let z(b) = -24*b - b**2 + 63*b - 50 - 22*b. What is the remainder when 40 is divided by z(9)?
18
Let q(x) = -34869*x - 62. Calculate the remainder when q(-1) is divided by 283.
281
Suppose 0*m + 58 = 3*m - 5*i, 3*i - 40 = -5*m. Suppose 218 = 10*a - 372. Suppose -55*z - 16 = -a*z. Calculate the remainder when m is divided by z.
3
Let b be (53/5)/(10/50). Calculate the remainder when b/(-5)*115/(-23) is divided by 30.
23
Suppose k - l - 7 = 0, -l = -3*k + 1 + 28. Let o = 33 - k. Suppose 6*q = 4*q + o. What is the remainder when 52 is divided by q?
8
Let s = -6376 + 7734. What is the remainder when s is divided by 44?
38
Suppose -d - 4 = 0, 419 = -3*f - 2*d + 13476. What is the remainder when f is divided by 1450?
5
Let n(t) = 9*t**2 - 2*t - 2. Let d be n(1). Suppose 4*z - 5*s + 7*s = -266, d*z + 325 = -4*s. Let c = z + 81. What is the remainder when 44 is divided by c?
8
Let b(g) = 120*g + 7. Let j be b(-2). Let o = 243 + j. What is the remainder when 33 is divided by o?
3
Let y(f) = 3*f**2 - 9*f. Suppose -t = -s - 1, 3*t - 3*s + 25 = 7*t. Let l be y(t). Calculate the remainder when 1480/l*(-30)/(-25) is divided by 50.
48
Let s = 218 + 318. Suppose 106*d - 108*d + s = 0. What is the remainder when d is divided by 64?
12
Let o(z) = -z**2 + 36*z - 54. Let y be o(38). Let j = 157 + y. Calculate the remainder when 73 is divided by j.
19
Let n(b) = -b**3 + 21*b**2 - 33*b - 8. Let d be n(19). Let g = -4 + 28. What is the remainder when 3224/28 + (4 - d/21) is divided by g?
19
Let m(z) = -5*z**2 - 95*z + 70. Calculate the remainder when m(-18) is divided by 42.
34
Let u(x) = -2*x + 23. Let d be u(8). Suppose -o = 2 - d. What is the remainder when 25 is divided by o?
0
What is the remainder when 2965 is divided by (-7)/(-2) + 38/(-4) - -39?
28
Suppose 1204 = 9*c + 5*c. Suppose o - p = -o + 98, -2*o + c = -4*p. Suppose 12*k - o = 9*k. What is the remainder when 31 is divided by k?
14
Let m(l) = -8*l - 2. Suppose 6549 = 104*f + 50*f + 23*f. Calculate the remainder when f is divided by m(-2).
9
Let h(w) = -3*w**2 - 15*w + 79. Let p(j) = -17*j**2 - 74*j + 394. Let q(n) = 11*h(n) - 2*p(n). What is the remainder when 19 is divided by q(10)?
8
Let r(d) = 199*d + 5864. What is the remainder when r(-27) is divided by 155?
26
Let k = -2042 + 2207. Calculate the remainder when k is divided by 86.
79
Let k(d) = d**3 + 21*d**2 + 36*d - 31. Calculate the remainder when 76/4 - (-1 - -1) is divided by k(-19).
5
Let f(t) be the second derivative of -t**3/6 + 8*t**2 + 3*t - 1. Calculate the remainder when 76 is divided by f(0).
12
Let h = 45 + 10. Let j = -3115 + 3091. Let u = j + h. Calculate the remainder when 123 is divided by u.
30
Suppose -26950 = -309*y + 4568. Let m(z) = -22*z - 2. Let g be m(-2). Calculate the remainder when y is divided by (g/8)/((-5)/(-20)).
18
Let y(g) be the second derivative of 5*g**4/12 + g**3 + 7*g**2/2 + 27*g + 4. Calculate the remainder when 6